{"id":46,"date":"2021-05-06T14:59:37","date_gmt":"2021-05-06T12:59:37","guid":{"rendered":"http:\/\/cinema-gujanmestras.fr\/?page_id=46"},"modified":"2023-05-03T14:18:44","modified_gmt":"2023-05-03T12:18:44","slug":"contacts","status":"publish","type":"page","link":"https:\/\/cinema-gujanmestras.fr\/index.php\/contacts\/","title":{"rendered":"Contacts"},"content":{"rendered":"<p><strong><span style=\"color: #143c19;\">Cin\u00e9ma G\u00e9rard Philipe Gujan-Mestras<\/span><\/strong><\/p>\n<p><em>Place du Vieux March\u00e9, 33470 Gujan-Mestras<\/em><\/p>\n<p><b>05 57 16 49 15<\/b><\/p>\n","protected":false},"excerpt":{"rendered":"<p>Cin\u00e9ma G\u00e9rard Philipe Gujan-Mestras Place du Vieux March\u00e9, 33470 Gujan-Mestras 05 57 16 49 15<\/p>\n","protected":false},"author":1,"featured_media":0,"parent":0,"menu_order":0,"comment_status":"closed","ping_status":"closed","template":"","meta":{"footnotes":""},"_links":{"self":[{"href":"https:\/\/cinema-gujanmestras.fr\/index.php\/wp-json\/wp\/v2\/pages\/46"}],"collection":[{"href":"https:\/\/cinema-gujanmestras.fr\/index.php\/wp-json\/wp\/v2\/pages"}],"about":[{"href":"https:\/\/cinema-gujanmestras.fr\/index.php\/wp-json\/wp\/v2\/types\/page"}],"author":[{"embeddable":true,"href":"https:\/\/cinema-gujanmestras.fr\/index.php\/wp-json\/wp\/v2\/users\/1"}],"replies":[{"embeddable":true,"href":"https:\/\/cinema-gujanmestras.fr\/index.php\/wp-json\/wp\/v2\/comments?post=46"}],"version-history":[{"count":8,"href":"https:\/\/cinema-gujanmestras.fr\/index.php\/wp-json\/wp\/v2\/pages\/46\/revisions"}],"predecessor-version":[{"id":1117,"href":"https:\/\/cinema-gujanmestras.fr\/index.php\/wp-json\/wp\/v2\/pages\/46\/revisions\/1117"}],"wp:attachment":[{"href":"https:\/\/cinema-gujanmestras.fr\/index.php\/wp-json\/wp\/v2\/media?parent=46"}],"curies":[{"name":"wp","href":"https:\/\/api.w.org\/{rel}","templated":true}]}}